alculate the highest common factor of b and 2.
2
Let x(b) = b**3 + 55*b**2 + 376*b + 231. Let t be x(-47). Suppose 0 = 4*m - 157 - 11. Calculate the highest common divisor of t and m.
21
Let v be 44 + (-1)/(2/(-4)). Let i(c) = -c**3 + 34*c**2 - 80*c + 1965. Let y be i(33). What is the greatest common factor of y and v?
46
Let c be 0 + (8 + -7 - 342)/(-1). What is the greatest common factor of c and 93?
31
Suppose 27 = 2*d + 11. Let p = 495 + -484. Suppose -109 = -p*i + 595. What is the highest common divisor of d and i?
8
Suppose -4*y + 70*i = 72*i - 66, 4*i = 2*y - 48. What is the greatest common factor of 82 and y?
2
Let g(v) = -23*v - 349. Let w be g(-95). Calculate the highest common factor of w and 108.
108
Suppose 0 = -2*z + 4*n + 244 + 46, 5*n = 5*z - 705. Let j = -108 + z. Calculate the highest common divisor of 203 and j.
29
Suppose 46*g = 1310 - 22. What is the greatest common factor of 26768 and g?
28
Let h be (72/(-14))/((-25)/(-1050)*-9). Calculate the highest common factor of h and 5568.
24
Let y = -194 + 530. Suppose 26*a - 31*a - w = -84, 6*a - 14 = 5*w. What is the highest common divisor of y and a?
14
Suppose -4*w + 66 = 2*i, -4*w + 419*i = 422*i - 67. Calculate the highest common divisor of 8408 and w.
8
Let t be 3 + -1 - (21 - -95). Let n be t/8*1*8/(-6). What is the highest common factor of n and 19?
19
Let r be (-13 + -39)/(-4) - -5. Calculate the greatest common factor of r and 17154.
18
Suppose 5*f - 39 = 91. Let v be 5*f + (-2)/1. Let x be (134 + -100 + -32)*(0 + (0 - -4)). What is the highest common factor of x and v?
8
Let t be (-14)/(-4)*(-1488)/(-24). Suppose -3*z + 22 = -p, 0 = p + 2*p + 3. Calculate the greatest common factor of z and t.
7
Suppose g + 15 = -5*j + 160, -165 = -g + 5*j. Suppose -g + 43 = -2*a. Let o be 2 - (16/(-2) + 2). Calculate the greatest common factor of a and o.
8
Let t(d) = d + 12. Let z be t(-7). Suppose -6*q = -49 - z. Let i = q - -54. Calculate the highest common factor of 21 and i.
21
Let i(k) = 5*k**3 + 2*k**2 + 6*k + 39. Let q be i(-6). Let o = 1015 + q. What is the highest common divisor of 730 and o?
10
Suppose 5*v + 15 = -0. Let a be (6/(-4))/(v/4). Suppose 5*x = a*x + 30. Calculate the highest common divisor of x and 30.
10
Suppose -4800*j + 1110 = -4763*j. Suppose 4 = -5*c + 34. Calculate the greatest common factor of j and c.
6
Suppose 1662 - 534 = 24*o. What is the greatest common divisor of o and 2209?
47
Suppose -7*d = -3*d - 80. Suppose 24*t + 1400 = 28*t. Suppose 3*s - 10*s = -t. What is the highest common divisor of d and s?
10
Suppose 14*d - 131 = -831. Let u = -27 - d. Suppose 0 = -11*r + 6*r + 2*f + u, 5*f = 5. Calculate the highest common factor of r and 15.
5
Let t(j) = -11*j + 2356. Let x be t(8). Calculate the greatest common factor of x and 336.
84
Let s be (3/6)/((-3)/(-240)). Let d be 4/7*29/(1682/19285). What is the highest common divisor of s and d?
10
Suppose -b - b + m + 144 = 0, -216 = -3*b - 3*m. Let c = -1075 + 1267. What is the greatest common divisor of c and b?
24
Suppose -s - 2*h = -298, 86*h - 85*h - 924 = -3*s. What is the highest common divisor of s and 35?
5
Let f(s) = -5*s + 154. Let p be f(27). Suppose 0 = 3*y - 5*d - 80, -20 = -3*d - d. Let o = 130 - y. What is the highest common divisor of p and o?
19
Let a be (32/((-864)/(-1610523)))/3. Calculate the highest common divisor of a and 674.
337
Suppose 10*m + 4*m - 1204 = 0. Suppose -3 - 1 = -t - 4*r, -5*t + 2*r + m = 0. Calculate the greatest common divisor of t and 18.
2
Let w(d) = d**3 - 9*d**2 - 11*d + 15. Let b be w(10). Let f be 3 + (-1 - 0) + b. What is the greatest common divisor of 91 and f?
7
Let v = 13432 + -12161. Calculate the greatest common factor of 123 and v.
41
Let l(f) = 65*f - 142. Let v be l(22). Suppose -8*x + 31*x - v = 0. Calculate the greatest common factor of 14 and x.
14
Let v = -70 - -75. Suppose 0 = -v*a - 2*c + 390, 0 = 5*a + c - 99 - 296. Let g be a/15*(3 + (-9)/6). What is the highest common divisor of g and 1?
1
Suppose 195 = -5*p + 4*p + 4*c, 2*p + 405 = 5*c. Let j = p - -260. What is the greatest common divisor of j and 75?
15
Suppose 24*q = 16*q + 9*q - 2914. Calculate the greatest common factor of q and 62.
62
Let h(w) = -w**3 - 5*w**2 + 10. Let b be h(-7). Suppose 20*s + 769 = 4009. What is the greatest common divisor of b and s?
54
Suppose 10*w - 8*w = 3*i + 147, 2*w = 5*i + 157. Calculate the highest common factor of w and 88.
22
Let s(p) = 15*p + 6. Suppose o - z = -o + 12, 0 = -3*o + 2*z + 20. Let u be s(o). What is the greatest common factor of 297 and u?
33
Let m(n) = -32*n**3 + 14*n**2 + 11*n + 261. Let x be m(-9). What is the highest common factor of x and 24?
24
Let t be 8*(-57)/38*1*(-65)/15. Suppose 3*b - 6*b - 9 = 0, 2*z + 3*b = 1135. Calculate the greatest common factor of z and t.
52
Suppose -5*c + 115 = 2*o - 90, -5*c + 2*o = -205. What is the greatest common divisor of 4223 and c?
41
Suppose 4*c - 25 = -3*d, d = -3*d - 3*c + 31. Suppose d*u = u + 2982. What is the greatest common factor of u and 71?
71
Let v be (108/10 - 0)/((78/4455)/13). What is the highest common divisor of v and 198?
99
Let j(l) = l**2 + 3*l - 2530. Let r be j(-52). What is the greatest common factor of r and 114?
6
Let c be (-1080)/225*20/(-24). Let l(f) = f - 5. Let g be l(6). Suppose 0 = -p + 4*o + 3 + g, 2*o = 4*p - 16. What is the greatest common divisor of c and p?
4
Suppose -4*r + 20 = 5*q, -5*r + 13*q - 11*q + 25 = 0. Suppose u = 3*c + 5*u - 177, -r*u - 141 = -2*c. What is the greatest common divisor of c and 18?
9
Let g(o) = o**2 - 2*o - 3. Let x be g(-3). Let i(q) = -14*q + 21. Let m be i(3). Let n be -18 + 20 + (1 - 0) - m. What is the highest common factor of x and n?
12
Let n be 0 + 19 - (6 + -13 + 10). Suppose -k + 2*h = 3, -h = -13*k + n*k - 5. Calculate the highest common divisor of k and 3.
1
Let m = -5 - -31. Suppose -23419 + 149467 = 606*i. What is the greatest common divisor of i and m?
26
Let k = -29350 - -32640. What is the highest common factor of k and 100?
10
Let r = -8922 - -9102. What is the greatest common factor of 420 and r?
60
Let f(i) = i**3 + 68*i**2 - 218*i - 311. Let s be f(-71). Let y be -2 + (197 + 1 - -2). Calculate the greatest common factor of s and y.
22
Let p(a) = 51*a - 143. Let t be p(3). Calculate the highest common divisor of 1730 and t.
10
Let d(u) = -27*u - 216. Let q be d(7). Let y = 415 + q. What is the highest common divisor of 32 and y?
2
Let n be -5 - -1 - (-66)/(-12)*-2. Suppose 20*p - 19*p = 6. Suppose 0 = p*u - 2*u - 8. What is the greatest common factor of n and u?
1
Suppose -7*a + 5*a + 66 = 0. Suppose -4*k = -c + 39, 4*c - 208 = -4*k + 7*k. Calculate the highest common divisor of a and c.
11
Suppose 783 = 4*f - f. Let i be 2 + (-4 - -5) - 0/(-4). Suppose -3*r + 9*j = 7*j - 87, 87 = i*r - j. Calculate the greatest common divisor of r and f.
29
Let z(u) be the second derivative of -13*u**3 - 5*u**2/2 - 36*u. Let k be z(-1). Let t = k - 7. What is the greatest common divisor of t and 22?
22
Let n(m) = 3*m**3 + 29*m**2 + 3*m - 42. Let p be n(-9). Calculate the greatest common factor of 3658 and p.
31
Let t(q) = -3*q**2 + 58*q - 165. Let i be t(15). What is the highest common factor of i and 375?
15
Let t be (53 + -54)/(2/(-118)). Calculate the highest common divisor of t and 4779.
59
Let f(n) = 181*n + 5365. Let j be f(-29). What is the highest common factor of 2204 and j?
116
Let k be 118/(-4) - 1/2. Suppose 143 = -29*u + 1477. Let g = k + u. What is the greatest common divisor of 48 and g?
16
Let u(m) = -5*m**3 + 158*m**2 + 74*m - 55. Let w be u(32). What is the greatest common divisor of 5 and w?
5
Suppose -3*r - 3*o = -6108, 0 = -3*o - o + 24. What is the greatest common factor of 4640 and r?
290
Let c = -3767 + 3780. Calculate the highest common factor of 1482 and c.
13
Suppose 3063 = -164*y + 9623. Calculate the highest common factor of y and 590.
10
Suppose 82 + 446 = 3*p. Suppose -12*c + 32 + 40 = 0. Suppose 4*h - n = c*h - 41, -2*h + 2*n = -50. What is the highest common factor of h and p?
22
Let v(o) = 149*o**2 - 2*o + 6. Let c be v(-3). Suppose -3*j + 2*n = 4*n - c, 0 = j - 3*n - 451. Calculate the highest common factor of j and 41.
41
Let k be 106/53 - (0 + -2 + 0). Suppose -k*t = -505 - 783. Calculate 